be (-4)/(-1*8)*150 - 1. Suppose -2*c - a + 142 = -6*a, c - a = n. What is the remainder when c/95 - (-162)/10 is divided by 9?
8
Let p(v) = 13*v**2 - 142*v + 43. Calculate the remainder when 1222 is divided by p(13).
40
Suppose 2*k + 2877 - 2889 = 0. What is the remainder when 418 is divided by k?
4
Let z = -288 + 46. Let o = z - -320. What is the remainder when o is divided by 28?
22
Let k(r) = -r**3 - 37*r**2 + 30*r - 251. What is the remainder when 1057 is divided by k(-38)?
50
Suppose 115533 = 341*w - 378 + 1335. Calculate the remainder when 982 is divided by w.
310
Let s(y) = -3*y + 37. Let t be s(8). Suppose -t*z + 1248 = -2015. Calculate the remainder when z is divided by 28.
27
Let z = -4436 - -4693. Calculate the remainder when z is divided by 19.
10
Let r(m) = -110*m**2 - 238*m - 4. Suppose -x + 0*x + 45 = 0. Calculate the remainder when r(-1) is divided by x.
34
Let u = 135 + -45. Let t = -120 + 125. Suppose h = -3, 3*q - t*h = -h + 81. Calculate the remainder when u is divided by q.
21
Suppose -2*w = -3*t - 6174 - 118, -4 = t. What is the remainder when w is divided by 68?
12
Let l(w) = -5*w - 65. Let u be l(-9). What is the remainder when 81 is divided by (-10)/u - ((-81)/(-2))/(-3)?
11
Let a = -4769 - -4824. Calculate the remainder when 1317 is divided by a.
52
Suppose 7 = -k + 12. Suppose 3*v - 43 = -3*u - u, k*v + 45 = 5*u. What is the remainder when 66 is divided by u?
6
Suppose -4*q + 2*m + 12 = -2*q, -2*q + 9 = -5*m. Suppose 0 = -2*n + q*n - 310. Let c = -51 + n. What is the remainder when 53 is divided by c?
9
Suppose 0 = 2*g - 5*g - a + 1094, 386 = g - 5*a. Suppose 2*y - 412 + g = 0. What is the remainder when 136 is divided by y?
21
Let v(m) = -m**2 + 36*m + 275. Let b be v(42). Let w be (-10)/(-4)*(8 - 0). Let o = b - w. Calculate the remainder when 23 is divided by o.
2
What is the remainder when 1369 is divided by (-224 - -7)/(-1) + 11?
1
Suppose 2*c - 5*g = 4581, -523*g + 11525 = 5*c - 521*g. What is the remainder when c is divided by 22?
15
Suppose -2*r = 4*o - 622, -17*r = -20*r - o + 903. Calculate the remainder when 1529 is divided by r.
34
Let x = -13963 - -19890. Calculate the remainder when x is divided by 24.
23
Suppose -195*f + 2871 = -191*f + q, q = 4*f - 2857. What is the remainder when 2877 is divided by f?
13
Let s(h) = -58*h - 634. What is the remainder when 150 is divided by s(-11)?
2
Let n(h) = 13*h - 1316. Calculate the remainder when 1286 is divided by n(104).
26
Let s = -405 - -460. Let b = 25 + -19. What is the remainder when s is divided by b?
1
What is the remainder when (14725/(-465))/(4/(-540)) is divided by 63?
54
Let y = -4020 - -4070. What is the remainder when y is divided by 23?
4
Let j be (-45)/180 - (-1)/4. Suppose -6*f + 330 - 120 = j. Calculate the remainder when f is divided by 13.
9
Suppose -m - 10 = -5*y - 1, -m - 9 = 4*y. Let i(r) = -16*r - 22. Calculate the remainder when i(m) is divided by 18.
14
Suppose -5*q = -5*x - 175, 0 = -4*q - 2*x + 92 + 66. Suppose 6*i + q = 134. What is the remainder when 2/(-4) + (-123)/(-2) is divided by i?
13
Calculate the remainder when 453 is divided by 34950/225 - (-1)/(-3).
143
Suppose 422*u + 27757 = -110*u + 79893. What is the remainder when 2451 is divided by u?
1
Suppose 5*k = 5*t - 225, 5*k - 215 = -2*t - 3*t. Let g = 801 - 630. What is the remainder when g is divided by t?
39
Suppose 626 = 2*q + 70. Let y(t) = -t**2 - 22*t - 85. What is the remainder when q is divided by y(-7)?
18
Let b(q) = 8*q + 91. Let d be b(-32). Let n = d - -271. Calculate the remainder when n is divided by 22.
18
Let c = 3 - -6. What is the remainder when (5/(225/(-30)))/(44/(-3498)) is divided by c?
8
Let x be (50/(-30) - (-2)/3) + 3. Suppose 3*n + x*k - 25 = 15, 4*k = -2*n + 40. Calculate the remainder when n is divided by 10.
0
Let o be 498/(-21) - (-6)/(-21). Let c = o + 22. Calculate the remainder when 1 + c*12/(-8) - -70 is divided by 11.
8
What is the remainder when 605 is divided by (2/6)/((-119)/(-17136))?
29
Let w(p) = 464*p + 3771. What is the remainder when 465 is divided by w(-8)?
52
Let f(p) = p**3 - 21*p**2 - 22*p + 14. Let z be f(22). Let i(a) = 2*a**3 - 28*a**2 + 3*a + 27. What is the remainder when 270 is divided by i(z)?
63
Let n(i) = i**3 - 17*i**2 + 186*i - 4277. Let m = -65 + 108. Calculate the remainder when n(20) is divided by m.
41
Suppose -7 = -5*o - 2. Let m(u) = -19*u - 2. Let c(g) = 1. Let w(n) = -6*c(n) - m(n). What is the remainder when 39 is divided by w(o)?
9
Suppose -g + 14 = 5*r, -g = -5*r + 600 - 634. Suppose 215 = 5*x - 5*m, 3*x + 184 = 7*x + 2*m. What is the remainder when x is divided by g?
21
Suppose -x = 5*h - 93, h - 287 = -4*x - 2*h. Let i(a) = 27*a - 541. Calculate the remainder when i(25) is divided by x.
66
Suppose 127*z - 575 - 2371 = 2515. Suppose h = 2, h + 252 = 2*q + 4*h. Calculate the remainder when q is divided by z.
37
Let b be (1 + 3)/(-4 + 892/222). Suppose 42*s = 39*s - b. Let f = s + 94. What is the remainder when 37 is divided by f?
17
Suppose -155*r + 464 = -621. Calculate the remainder when 4/6 + (-73)/(-3) is divided by r.
4
Let b(z) = -6*z - 1. Calculate the remainder when 1646 is divided by b(-2).
7
Let r(b) = -27*b - 309. Let l be r(-12). Suppose 5*x = 3*s - 2*s - l, -2*x + 4 = 0. What is the remainder when 95 is divided by s?
20
Suppose 4*k + 4 = 0, -3*h - 5*k + 8 = 31. Let y(v) = -23*v + 7*v - 62 + 7*v + 42. What is the remainder when y(h) is divided by 9?
7
What is the remainder when ((-44)/(-10))/((-1)/(-50)) is divided by 9/6*1034/1551*(-26)/(-2)?
12
Suppose 7*m = -2*l + 1695, -279 = 2*l + 5*m - 1988. What is the remainder when l is divided by 17?
5
Suppose -41*r - 708 = -42*r. Suppose -55*z = -43*z - r. Calculate the remainder when z is divided by 10.
9
Let j = 287 - 260. Let f = 101 + -25. Calculate the remainder when f is divided by j.
22
Suppose 2*o + 369 + 288 = m, 637 = m + 3*o. Calculate the remainder when m is divided by (-27856)/(-256) + (-27)/(-144).
104
Let v(t) = t**3 - 5*t**2 - 754*t + 7245. Calculate the remainder when v(10) is divided by 282/4 - 1/(-2).
63
Let k = 2631 - 2584. What is the remainder when 604 is divided by k?
40
Suppose 123 - 394 = -3*t + 5*s, -4*s = 20. What is the remainder when 490 is divided by t?
80
Calculate the remainder when 335 is divided by (1/((-45)/(-60)))/(-1 - (-393)/387).
77
Let t = 101 - 101. Suppose -4*h + 58 - 14 = 4*z, -4*h - 4 = t. Let b = -16 + 49. What is the remainder when b is divided by z?
9
Suppose -1226 = -25*h + 10774. Calculate the remainder when h is divided by 123.
111
Suppose 12*c + 32051 - 33563 = 0. What is the remainder when 875 is divided by c?
119
Let i(d) = 11*d**3 + 77 + 89*d**2 - 89*d**2 - 8*d**3 + 5*d. What is the remainder when i(0) is divided by 22?
11
Suppose 5*f + 147*z = 148*z + 2923, -4*z = -2*f + 1180. Calculate the remainder when f is divided by 22.
12
What is the remainder when (1 - 927)*49/(2744/(-476)) is divided by 16?
15
Let y(b) = -8*b + 5. Suppose -12*k - 128 = -20*k. Suppose k*z + 3*z - 2052 = 0. What is the remainder when z is divided by y(-4)?
34
Let u(w) = -46*w**3 + 11*w**2 + 93*w + 377. What is the remainder when u(-5) is divided by 165?
162
Suppose -w = 3*m - 3467 - 249, -2*m + 2482 = -4*w. What is the remainder when m is divided by 9?
6
Let t(l) = -l**2 + 18*l - 9. Let z be t(22). Let x = -163 - z. Let c = 76 + x. Calculate the remainder when 27 is divided by c.
7
Suppose 3*a - 463 + 76 = 5*n, 0 = 3*a - 4*n - 390. Suppose a - 350 = -9*x. Calculate the remainder when 95 is divided by x.
23
Suppose -206 = -m + 5*o, 0 = -22*m + 17*m - 2*o + 1030. What is the remainder when 270 is divided by m?
64
Let b be 4/(-3)*-1*(-300)/(-400). Let y(r) = 8*r - 4. Calculate the remainder when 22 is divided by y(b).
2
Suppose 185*i - 18124 - 1004 = 13062. Calculate the remainder when 474 is divided by i.
126
Let k = -78 - -226. Let h = k + -93. Calculate the remainder when h is divided by 29.
26
Suppose 4*q - 6 = r, 0 = q - 8*r + 7*r - 3. Calculate the remainder when q/(-3)*(1 + -214) is divided by 20.
11
Let p = 2174 + -2082. Calculate the remainder when 304 is divided by p.
28
Suppose -4*y - 5*t = -14, 5*y + 5*t - 29 + 9 = 0. What is the remainder when 208 is divided by y/9 + (-2355)/(-45)?
49
What is the remainder whe